{"id":54,"date":"2025-11-20T14:30:32","date_gmt":"2025-11-20T13:30:32","guid":{"rendered":"https:\/\/cneta.fr\/?page_id=54"},"modified":"2025-12-02T17:59:17","modified_gmt":"2025-12-02T16:59:17","slug":"a-propos","status":"publish","type":"page","link":"https:\/\/cneta.fr\/?page_id=54","title":{"rendered":"A propos"},"content":{"rendered":"\n<div class=\"wp-block-cover alignfull is-light wp-duotone-unset-2\" style=\"margin-top:0;margin-bottom:0;padding-top:0;padding-bottom:0;min-height:1431px;aspect-ratio:unset;\"><span aria-hidden=\"true\" class=\"wp-block-cover__background has-background-dim-60 has-background-dim\" style=\"background-color:#f3f3f3\"><\/span><div class=\"wp-block-cover__inner-container has-global-padding is-layout-constrained wp-block-cover-is-layout-constrained\">\n<div class=\"wp-block-group alignfull has-global-padding is-layout-constrained wp-container-core-group-is-layout-0117c4cf wp-block-group-is-layout-constrained\" style=\"padding-top:80px;padding-bottom:80px\">\n<div class=\"wp-block-group alignfull has-global-padding is-layout-constrained wp-block-group-is-layout-constrained\">\n<div class=\"wp-block-group alignfull is-style-default has-global-padding is-layout-constrained wp-block-group-is-layout-constrained\" style=\"padding-top:30px;padding-bottom:30px\">\n<div class=\"wp-block-columns alignwide is-layout-flex wp-container-core-columns-is-layout-28f84493 wp-block-columns-is-layout-flex\">\n<div class=\"wp-block-column is-vertically-aligned-center is-layout-flow wp-block-column-is-layout-flow\" style=\"padding-right:10px;padding-left:10px;flex-basis:50%\">\n<h3 class=\"wp-block-heading has-hedvig-letters-serif-regular-font-family\">Qui sommes-nous ?<\/h3>\n\n\n\n<p style=\"margin-top:30px\">Depuis plus de 30 ans,\u00a0<strong>CnetA accompagne les particuliers<\/strong>\u00a0dans la gestion de leur quotidien, \u00e0 travers des services personnalis\u00e9s \u00e0 domicile et \u00e0 distance.<\/p>\n\n\n\n<p>   <\/p>\n\n\n\n<p style=\"margin-top:30px\">Notre \u00e9quipe, \u00e0 la fois rigoureuse et bienveillante, met un point d\u2019honneur \u00e0 offrir un accompagnement adapt\u00e9 \u00e0 chaque situation. <\/p>\n\n\n\n<p>   <\/p>\n\n\n\n<p style=\"margin-top:30px\">Nous croyons que chaque personne m\u00e9rite une solution sur mesure, que ce soit pour faciliter la vie \u00e0 domicile, all\u00e9ger une charge administrative ou simplement retrouver du temps et de la s\u00e9r\u00e9nit\u00e9.<\/p>\n\n\n\n<p> <\/p>\n<\/div>\n\n\n\n<div class=\"wp-block-column is-layout-flow wp-container-core-column-is-layout-48ee0f6e wp-block-column-is-layout-flow\" style=\"padding-right:10px;padding-left:10px;flex-basis:50%\">\n<figure class=\"wp-block-image alignright size-full is-resized has-custom-border\"><img loading=\"lazy\" decoding=\"async\" width=\"768\" height=\"1024\" src=\"https:\/\/cneta.fr\/wp-content\/uploads\/2025\/11\/Gemini_Generated_Image_dau3cadau3cadau3-1-edited.png\" alt=\"\" class=\"wp-image-99\" style=\"border-radius:16px;width:428px;height:auto\" srcset=\"https:\/\/cneta.fr\/wp-content\/uploads\/2025\/11\/Gemini_Generated_Image_dau3cadau3cadau3-1-edited.png 768w, https:\/\/cneta.fr\/wp-content\/uploads\/2025\/11\/Gemini_Generated_Image_dau3cadau3cadau3-1-edited-225x300.png 225w\" sizes=\"auto, (max-width: 768px) 100vw, 768px\" \/><\/figure>\n<\/div>\n<\/div>\n<\/div>\n\n\n\n<p><\/p>\n<\/div>\n\n\n\n<h3 class=\"wp-block-heading alignwide has-text-align-right has-hedvig-letters-serif-regular-font-family\">Notre secteur d&rsquo;activit\u00e9<\/h3>\n\n\n\n<div class=\"wp-block-columns alignwide is-layout-flex wp-container-core-columns-is-layout-28f84493 wp-block-columns-is-layout-flex\">\n<div class=\"wp-block-column is-vertically-aligned-center is-layout-flow wp-block-column-is-layout-flow\" style=\"padding-right:10px;padding-left:10px;flex-basis:50%\">\n<figure class=\"wp-block-image size-full is-resized has-custom-border\"><img loading=\"lazy\" decoding=\"async\" width=\"1120\" height=\"942\" src=\"https:\/\/cneta.fr\/wp-content\/uploads\/2025\/12\/Capture-decran-2025-11-28-a-17.10.51.png\" alt=\"\" class=\"wp-image-117\" style=\"border-radius:16px;width:519px;height:auto\" srcset=\"https:\/\/cneta.fr\/wp-content\/uploads\/2025\/12\/Capture-decran-2025-11-28-a-17.10.51.png 1120w, https:\/\/cneta.fr\/wp-content\/uploads\/2025\/12\/Capture-decran-2025-11-28-a-17.10.51-300x252.png 300w, https:\/\/cneta.fr\/wp-content\/uploads\/2025\/12\/Capture-decran-2025-11-28-a-17.10.51-1024x861.png 1024w, https:\/\/cneta.fr\/wp-content\/uploads\/2025\/12\/Capture-decran-2025-11-28-a-17.10.51-768x646.png 768w\" sizes=\"auto, (max-width: 1120px) 100vw, 1120px\" \/><\/figure>\n<\/div>\n\n\n\n<div class=\"wp-block-column is-layout-flow wp-block-column-is-layout-flow\" style=\"padding-right:10px;padding-left:10px;flex-basis:50%\">\n<div class=\"wp-block-group has-global-padding is-content-justification-left is-layout-constrained wp-container-core-group-is-layout-fa0f1ec6 wp-block-group-is-layout-constrained\" style=\"padding-bottom:10px\">\n<p><\/p>\n\n\n\n<p class=\"has-text-align-right\" style=\"margin-top:0px;margin-right:0px;margin-bottom:0px;margin-left:0px;padding-top:0px;padding-right:0px;padding-bottom:0px;padding-left:0px\">Nous intervenons dans le secteur&nbsp;<strong>Martigues<\/strong>&nbsp;et ses alentours avec un personnel qualifi\u00e9.<\/p>\n\n\n\n<p class=\"has-text-align-center\" style=\"margin-top:0px;margin-right:0px;margin-bottom:0px;margin-left:0px;padding-top:20px;padding-right:0px;padding-bottom:0px;padding-left:0px\"><\/p>\n\n\n\n<p class=\"has-text-align-right\">Si vous vous situez en dehors de cette zone, n\u2019h\u00e9sitez pas \u00e0 nous en faire part directement via votre demande de devis sur la page&nbsp;<strong><a href=\"https:\/\/cneta.fr\/?page_id=40\" data-type=\"page\" data-id=\"40\">Contact<\/a><\/strong>.<\/p>\n\n\n\n<p><\/p>\n\n\n\n<p class=\"has-text-align-right\" style=\"margin-top:0px;margin-right:0px;margin-bottom:0px;margin-left:0px;padding-top:20px;padding-right:0px;padding-bottom:0px;padding-left:0px\">Indiquez simplement votre localisation et vos besoins, nous \u00e9tudierons votre demande avec attention<\/p>\n\n\n\n<p>   <\/p>\n\n\n\n<p>       <\/p>\n\n\n\n<p>     <\/p>\n\n\n\n<p> <\/p>\n\n\n\n<div class=\"wp-block-buttons is-content-justification-right is-layout-flex wp-container-core-buttons-is-layout-d445cf74 wp-block-buttons-is-layout-flex\">\n<div class=\"wp-block-button has-custom-width wp-block-button__width-50 is-style-outline is-style-outline--1\"><a class=\"wp-block-button__link wp-element-button\" href=\"https:\/\/cneta.fr\/?page_id=40\" style=\"border-radius:91px\">Je Fais Mon devis <\/a><\/div>\n<\/div>\n<\/div>\n<\/div>\n<\/div>\n<\/div>\n\n\n\n<p>  <\/p>\n\n\n\n<div class=\"wp-block-group alignfull has-global-padding is-layout-constrained wp-block-group-is-layout-constrained\">\n<h2 class=\"wp-block-heading alignwide has-text-align-left has-hedvig-letters-serif-regular-font-family has-large-font-size\">Nos services en ligne et en pr\u00e9sentiel<\/h2>\n\n\n\n<div class=\"wp-block-group alignfull is-style-default has-global-padding is-layout-constrained wp-block-group-is-layout-constrained\" style=\"padding-top:30px;padding-bottom:30px\">\n<div class=\"wp-block-columns alignwide is-layout-flex wp-container-core-columns-is-layout-28f84493 wp-block-columns-is-layout-flex\">\n<div class=\"wp-block-column is-layout-flow wp-block-column-is-layout-flow\" style=\"padding-right:10px;padding-left:10px;flex-basis:50%\">\n<div class=\"wp-block-group has-global-padding is-content-justification-left is-layout-constrained wp-container-core-group-is-layout-fa0f1ec6 wp-block-group-is-layout-constrained\" style=\"padding-bottom:10px\">\n<h5 class=\"wp-block-heading has-text-align-left\"><strong>Un accompagnement o\u00f9 que vous soyez<\/strong><\/h5>\n<\/div>\n\n\n\n<p>Gr\u00e2ce \u00e0 nos services \u00e0 distance, vous pouvez \u00eatre accompagn\u00e9(e) sans vous d\u00e9placer : depuis votre domicile, votre lieu de travail ou m\u00eame lors de vos d\u00e9placements. Une simple connexion suffit pour avancer ensemble, en toute simplicit\u00e9.<\/p>\n\n\n\n<p><\/p>\n\n\n\n<p><\/p>\n\n\n\n<div class=\"wp-block-group has-global-padding is-content-justification-left is-layout-constrained wp-container-core-group-is-layout-fa0f1ec6 wp-block-group-is-layout-constrained\" style=\"padding-bottom:10px\">\n<h5 class=\"wp-block-heading\"><strong>La possibilit\u00e9 de rendez-vous en pr\u00e9sentiel<\/strong><\/h5>\n\n\n\n<p class=\"has-text-align-left\" style=\"margin-top:0px;margin-right:0px;margin-bottom:0px;margin-left:0px;padding-top:20px;padding-right:0px;padding-bottom:0px;padding-left:0px\">Pour celles et ceux qui pr\u00e9f\u00e8rent un \u00e9change direct, nous proposons \u00e9galement des&nbsp;<strong>interventions physiques<\/strong>, \u00e0 domicile ou sur rendez-vous.<\/p>\n<\/div>\n<\/div>\n\n\n\n<div class=\"wp-block-column is-layout-flow wp-container-core-column-is-layout-48ee0f6e wp-block-column-is-layout-flow\" style=\"padding-right:10px;padding-left:10px;flex-basis:50%\">\n<figure class=\"wp-block-image size-full has-custom-border\"><img loading=\"lazy\" decoding=\"async\" width=\"1280\" height=\"853\" src=\"https:\/\/cneta.fr\/wp-content\/uploads\/2025\/12\/telework-6795505_1280.jpg\" alt=\"\" class=\"wp-image-126\" style=\"border-radius:16px\" srcset=\"https:\/\/cneta.fr\/wp-content\/uploads\/2025\/12\/telework-6795505_1280.jpg 1280w, https:\/\/cneta.fr\/wp-content\/uploads\/2025\/12\/telework-6795505_1280-300x200.jpg 300w, https:\/\/cneta.fr\/wp-content\/uploads\/2025\/12\/telework-6795505_1280-1024x682.jpg 1024w, https:\/\/cneta.fr\/wp-content\/uploads\/2025\/12\/telework-6795505_1280-768x512.jpg 768w\" sizes=\"auto, (max-width: 1280px) 100vw, 1280px\" \/><\/figure>\n<\/div>\n<\/div>\n<\/div>\n<\/div>\n<\/div><\/div>\n","protected":false},"excerpt":{"rendered":"","protected":false},"author":1,"featured_media":0,"parent":0,"menu_order":0,"comment_status":"closed","ping_status":"closed","template":"","meta":{"footnotes":""},"class_list":["post-54","page","type-page","status-publish","hentry"],"yoast_head":"<!-- This site is optimized with the Yoast SEO plugin v27.4 - https:\/\/yoast.com\/product\/yoast-seo-wordpress\/ -->\n<title>A propos -<\/title>\n<meta name=\"robots\" content=\"index, follow, max-snippet:-1, max-image-preview:large, max-video-preview:-1\" \/>\n<link rel=\"canonical\" href=\"https:\/\/cneta.fr\/?page_id=54\" \/>\n<meta property=\"og:locale\" content=\"fr_FR\" \/>\n<meta property=\"og:type\" content=\"article\" \/>\n<meta property=\"og:title\" content=\"A propos -\" \/>\n<meta property=\"og:url\" content=\"https:\/\/cneta.fr\/?page_id=54\" \/>\n<meta property=\"article:modified_time\" content=\"2025-12-02T16:59:17+00:00\" \/>\n<meta property=\"og:image\" content=\"https:\/\/cneta.fr\/wp-content\/uploads\/2025\/11\/Gemini_Generated_Image_dau3cadau3cadau3-1-edited.png\" \/>\n\t<meta property=\"og:image:width\" content=\"768\" \/>\n\t<meta property=\"og:image:height\" content=\"1024\" \/>\n\t<meta property=\"og:image:type\" content=\"image\/png\" \/>\n<meta name=\"twitter:card\" content=\"summary_large_image\" \/>\n<meta name=\"twitter:label1\" content=\"Dur\u00e9e de lecture estim\u00e9e\" \/>\n\t<meta name=\"twitter:data1\" content=\"1 minute\" \/>\n<script type=\"application\/ld+json\" class=\"yoast-schema-graph\">{\"@context\":\"https:\\\/\\\/schema.org\",\"@graph\":[{\"@type\":\"WebPage\",\"@id\":\"https:\\\/\\\/cneta.fr\\\/?page_id=54\",\"url\":\"https:\\\/\\\/cneta.fr\\\/?page_id=54\",\"name\":\"A propos -\",\"isPartOf\":{\"@id\":\"https:\\\/\\\/cneta.fr\\\/#website\"},\"primaryImageOfPage\":{\"@id\":\"https:\\\/\\\/cneta.fr\\\/?page_id=54#primaryimage\"},\"image\":{\"@id\":\"https:\\\/\\\/cneta.fr\\\/?page_id=54#primaryimage\"},\"thumbnailUrl\":\"https:\\\/\\\/cneta.fr\\\/wp-content\\\/uploads\\\/2025\\\/11\\\/Gemini_Generated_Image_dau3cadau3cadau3-1-edited.png\",\"datePublished\":\"2025-11-20T13:30:32+00:00\",\"dateModified\":\"2025-12-02T16:59:17+00:00\",\"breadcrumb\":{\"@id\":\"https:\\\/\\\/cneta.fr\\\/?page_id=54#breadcrumb\"},\"inLanguage\":\"fr-FR\",\"potentialAction\":[{\"@type\":\"ReadAction\",\"target\":[\"https:\\\/\\\/cneta.fr\\\/?page_id=54\"]}]},{\"@type\":\"ImageObject\",\"inLanguage\":\"fr-FR\",\"@id\":\"https:\\\/\\\/cneta.fr\\\/?page_id=54#primaryimage\",\"url\":\"https:\\\/\\\/cneta.fr\\\/wp-content\\\/uploads\\\/2025\\\/11\\\/Gemini_Generated_Image_dau3cadau3cadau3-1-edited.png\",\"contentUrl\":\"https:\\\/\\\/cneta.fr\\\/wp-content\\\/uploads\\\/2025\\\/11\\\/Gemini_Generated_Image_dau3cadau3cadau3-1-edited.png\",\"width\":768,\"height\":1024},{\"@type\":\"BreadcrumbList\",\"@id\":\"https:\\\/\\\/cneta.fr\\\/?page_id=54#breadcrumb\",\"itemListElement\":[{\"@type\":\"ListItem\",\"position\":1,\"name\":\"Accueil\",\"item\":\"https:\\\/\\\/cneta.fr\\\/\"},{\"@type\":\"ListItem\",\"position\":2,\"name\":\"A propos\"}]},{\"@type\":\"WebSite\",\"@id\":\"https:\\\/\\\/cneta.fr\\\/#website\",\"url\":\"https:\\\/\\\/cneta.fr\\\/\",\"name\":\"cneta\",\"description\":\"\u201cAccompagner, prot\u00e9ger, soutenir  \u00e0 chaque \u00e9tape de la vie.\u201d\",\"potentialAction\":[{\"@type\":\"SearchAction\",\"target\":{\"@type\":\"EntryPoint\",\"urlTemplate\":\"https:\\\/\\\/cneta.fr\\\/?s={search_term_string}\"},\"query-input\":{\"@type\":\"PropertyValueSpecification\",\"valueRequired\":true,\"valueName\":\"search_term_string\"}}],\"inLanguage\":\"fr-FR\"}]}<\/script>\n<!-- \/ Yoast SEO plugin. -->","yoast_head_json":{"title":"A propos -","robots":{"index":"index","follow":"follow","max-snippet":"max-snippet:-1","max-image-preview":"max-image-preview:large","max-video-preview":"max-video-preview:-1"},"canonical":"https:\/\/cneta.fr\/?page_id=54","og_locale":"fr_FR","og_type":"article","og_title":"A propos -","og_url":"https:\/\/cneta.fr\/?page_id=54","article_modified_time":"2025-12-02T16:59:17+00:00","og_image":[{"url":"https:\/\/cneta.fr\/wp-content\/uploads\/2025\/11\/Gemini_Generated_Image_dau3cadau3cadau3-1-edited.png","width":768,"height":1024,"type":"image\/png"}],"twitter_card":"summary_large_image","twitter_misc":{"Dur\u00e9e de lecture estim\u00e9e":"1 minute"},"schema":{"@context":"https:\/\/schema.org","@graph":[{"@type":"WebPage","@id":"https:\/\/cneta.fr\/?page_id=54","url":"https:\/\/cneta.fr\/?page_id=54","name":"A propos -","isPartOf":{"@id":"https:\/\/cneta.fr\/#website"},"primaryImageOfPage":{"@id":"https:\/\/cneta.fr\/?page_id=54#primaryimage"},"image":{"@id":"https:\/\/cneta.fr\/?page_id=54#primaryimage"},"thumbnailUrl":"https:\/\/cneta.fr\/wp-content\/uploads\/2025\/11\/Gemini_Generated_Image_dau3cadau3cadau3-1-edited.png","datePublished":"2025-11-20T13:30:32+00:00","dateModified":"2025-12-02T16:59:17+00:00","breadcrumb":{"@id":"https:\/\/cneta.fr\/?page_id=54#breadcrumb"},"inLanguage":"fr-FR","potentialAction":[{"@type":"ReadAction","target":["https:\/\/cneta.fr\/?page_id=54"]}]},{"@type":"ImageObject","inLanguage":"fr-FR","@id":"https:\/\/cneta.fr\/?page_id=54#primaryimage","url":"https:\/\/cneta.fr\/wp-content\/uploads\/2025\/11\/Gemini_Generated_Image_dau3cadau3cadau3-1-edited.png","contentUrl":"https:\/\/cneta.fr\/wp-content\/uploads\/2025\/11\/Gemini_Generated_Image_dau3cadau3cadau3-1-edited.png","width":768,"height":1024},{"@type":"BreadcrumbList","@id":"https:\/\/cneta.fr\/?page_id=54#breadcrumb","itemListElement":[{"@type":"ListItem","position":1,"name":"Accueil","item":"https:\/\/cneta.fr\/"},{"@type":"ListItem","position":2,"name":"A propos"}]},{"@type":"WebSite","@id":"https:\/\/cneta.fr\/#website","url":"https:\/\/cneta.fr\/","name":"cneta","description":"\u201cAccompagner, prot\u00e9ger, soutenir  \u00e0 chaque \u00e9tape de la vie.\u201d","potentialAction":[{"@type":"SearchAction","target":{"@type":"EntryPoint","urlTemplate":"https:\/\/cneta.fr\/?s={search_term_string}"},"query-input":{"@type":"PropertyValueSpecification","valueRequired":true,"valueName":"search_term_string"}}],"inLanguage":"fr-FR"}]}},"_links":{"self":[{"href":"https:\/\/cneta.fr\/index.php?rest_route=\/wp\/v2\/pages\/54","targetHints":{"allow":["GET"]}}],"collection":[{"href":"https:\/\/cneta.fr\/index.php?rest_route=\/wp\/v2\/pages"}],"about":[{"href":"https:\/\/cneta.fr\/index.php?rest_route=\/wp\/v2\/types\/page"}],"author":[{"embeddable":true,"href":"https:\/\/cneta.fr\/index.php?rest_route=\/wp\/v2\/users\/1"}],"replies":[{"embeddable":true,"href":"https:\/\/cneta.fr\/index.php?rest_route=%2Fwp%2Fv2%2Fcomments&post=54"}],"version-history":[{"count":47,"href":"https:\/\/cneta.fr\/index.php?rest_route=\/wp\/v2\/pages\/54\/revisions"}],"predecessor-version":[{"id":153,"href":"https:\/\/cneta.fr\/index.php?rest_route=\/wp\/v2\/pages\/54\/revisions\/153"}],"wp:attachment":[{"href":"https:\/\/cneta.fr\/index.php?rest_route=%2Fwp%2Fv2%2Fmedia&parent=54"}],"curies":[{"name":"wp","href":"https:\/\/api.w.org\/{rel}","templated":true}]}}